1
In base 7, what is 2013 - -105?
2121
In base 4, what is 2 + -1121131000?
-1121130332
In base 16, what is -5 - -26cc5?
26cc0
In base 2, what is 11000110011100 + -10010001?
11000100001011
In base 5, what is 11030131 - -111?
11030242
In base 8, what is 1 - 42440?
-42437
In base 9, what is -303027 + -2?
-303030
In base 8, what is -5 + -374001?
-374006
In base 4, what is -2 + -12201212?
-12201220
In base 5, what is -2141 - -41220?
34024
In base 13, what is -1 + 15797?
15796
In base 9, what is -511 + 1174?
563
In base 9, what is -8458 + -183?
-8652
In base 16, what is 646 - 11?
635
In base 4, what is -11 - 123233103?
-123233120
In base 7, what is 1 + -326223?
-326222
In base 13, what is 692 + 57?
719
In base 2, what is -100 + 10010011111100111?
10010011111100011
In base 10, what is -133 + -3245?
-3378
In base 8, what is 2 + 1451634?
1451636
In base 12, what is -131 - 139?
-26a
In base 3, what is -12 + 21211011001?
21211010212
In base 4, what is -3 + 132300023?
132300020
In base 14, what is -880 + -414?
-c94
In base 13, what is -1b42 + 2?
-1b40
In base 15, what is -11 - ad76?
-ad87
In base 15, what is -e7 + -814?
-90b
In base 10, what is 585 + -30?
555
In base 4, what is 2131 + -1322?
203
In base 8, what is 41240 - 1?
41237
In base 16, what is -10 + 507fa?
507ea
In base 12, what is -292b2 + 4?
-292aa
In base 16, what is -3 - 7ec5?
-7ec8
In base 8, what is -123322 - 1?
-123323
In base 10, what is -55192 + 0?
-55192
In base 8, what is -2 - 42764?
-42766
In base 10, what is -1 + 131641?
131640
In base 10, what is -29085 + -9?
-29094
In base 16, what is 7 + 2dfe?
2e05
In base 12, what is -b - -29b?
290
In base 14, what is -45289 + 4?
-45285
In base 6, what is 14553 + -202?
14351
In base 6, what is -23233323 - -2?
-23233321
In base 7, what is -14135336 + -2?
-14135341
In base 6, what is 1440101 + 1?
1440102
In base 9, what is -3 - 73643?
-73646
In base 12, what is -8 - -3a98?
3a90
In base 5, what is 13143 - 220?
12423
In base 3, what is -122011100 + 220?
-122010110
In base 12, what is -10332 - 3?
-10335
In base 3, what is 12112 - -100?
12212
In base 7, what is 101520 - -3?
101523
In base 5, what is -11044 - 22041?
-33140
In base 16, what is -3 - a1894?
-a1897
In base 11, what is 2 + -5558?
-5556
In base 4, what is 1112321 - -10?
1112331
In base 3, what is 11 + 10101202100221?
10101202101002
In base 14, what is -4 - 87?
-8b
In base 15, what is -4 - -863b?
8637
In base 3, what is 11101 - 11200211?
-11112110
In base 3, what is 21211 + 101100?
200011
In base 13, what is -168 - b?
-176
In base 13, what is 571 + -3b3?
18b
In base 11, what is 15978 - 1?
15977
In base 14, what is -6 - 1c5a6?
-1c5ac
In base 8, what is 67514 - -2?
67516
In base 2, what is 1011001110100100110 - -1?
1011001110100100111
In base 6, what is 302525 + 2?
302531
In base 14, what is -16 - -29c?
286
In base 7, what is -13236503 + -4?
-13236510
In base 6, what is 21335242 - -2?
21335244
In base 12, what is -13138 + -2?
-1313a
In base 6, what is -25 + 11144?
11115
In base 16, what is -5b - 11?
-6c
In base 9, what is 0 + -33553?
-33553
In base 15, what is 2 + -940c?
-940a
In base 15, what is 2 + e80?
e82
In base 15, what is -8 - 1ac?
-1b5
In base 9, what is 7567 - -8?
7576
In base 2, what is 1000 + -11000101101010?
-11000101100010
In base 15, what is -9d3 - -9e?
-934
In base 12, what is -66 + 1b1?
147
In base 11, what is -3465 + -6?
-3470
In base 11, what is -6 + 128?
122
In base 15, what is 4 + 3a9e?
3aa3
In base 8, what is 30 + 133602?
133632
In base 4, what is -11 + 10233302?
10233231
In base 14, what is -14bbd - 7?
-14bc6
In base 10, what is 13853 - 4?
13849
In base 13, what is 2 + -12cc9?
-12cc7
In base 2, what is -1100100010101000 + -100?
-1100100010101100
In base 9, what is 5 - -8766?
8772
In base 11, what is -52 + 91?
3a
In base 5, what is 42 - 1330?
-1233
In base 9, what is 5 - -1577?
1583
In base 6, what is 44 + -30?
14
In base 6, what is 4145441 + 1?
4145442
In base 5, what is -13203 + 130?
-13023
In base 11, what is 429654 + 0?
429654
In base 5, what is 12144 - -1440?
14134
In base 4, what is -1113101 - -10?
-1113031
In base 16, what is 288 + -2?
286
In base 15, what is -176c + 5c9?
-1193
In base 13, what is 358a1 - -5?
358a6
In base 3, what is 1 + -10200102002?
-10200102001
In base 9, what is 585 - -2652?
3347
In base 11, what is 1 + -107125?
-107124
In base 15, what is -990 - -321?
-66e
In base 13, what is -2346c - 0?
-2346c
In base 2, what is 10 + -11011100110111?
-11011100110101
In base 6, what is 4 - 554205?
-554201
In base 12, what is -2 + 1b0a9?
1b0a7
In base 9, what is 1 + -10520?
-10518
In base 9, what is 34152 - 4?
34147
In base 16, what is 1b67 - -98?
1bff
In base 11, what is -3 + -74693?
-74696
In base 10, what is 2030 - 10?
2020
In base 3, what is 122111000112000 - -11?
122111000112011
In base 8, what is -5 - 3112?
-3117
In base 11, what is 354 + -286?
79
In base 2, what is 1110101100010010 - 0?
1110101100010010
In base 14, what is a - -c66?
c72
In base 12, what is -2b16a + 9?
-2b161
In base 16, what is 3a - da?
-a0
In base 6, what is -4154 + 352?
-3402
In base 3, what is 10 + 22021120211?
22021120221
In base 7, what is 423435 + 2?
423440
In base 9, what is -6 - 130136?
-130143
In base 13, what is -37 - -b336?
b2cc
In base 10, what is 338 - 10?
328
In base 9, what is -2241642 + -1?
-2241643
In base 5, what is -2 + -324142?
-324144
In base 6, what is -4 + -452345?
-452353
In base 15, what is be - -104?
1c3
In base 7, what is 2361 + -6?
2352
In base 7, what is 502136 - -2?
502141
In base 3, what is 1020110220 - -101?
1020111021
In base 5, what is -20044223 + 0?
-20044223
In base 15, what is a6 + 1542?
15e8
In base 8, what is 16205 + 3?
16210
In base 11, what is -74 - 388?
-451
In base 4, what is 112 - 131203?
-131031
In base 12, what is 238a + -4?
2386
In base 14, what is -1bba + b9?
-1b01
In base 16, what is 3 - b0b?
-b08
In base 2, what is -111110011100001 + 10010?
-111110011001111
In base 3, what is 12212 - -20020002?
20102221
In base 9, what is -8 + 71303?
71284
In base 14, what is 1a + 16823?
1683d
In base 11, what is -16 + -739?
-754
In base 6, what is 21 - 21000?
-20535
In base 10, what is 8 - -6698?
6706
In base 15, what is -1e786d - 5?
-1e7873
In base 14, what is -db9 - 10?
-dc9
In base 4, what is 2313 - -20123?
23102
In base 2, what is 10000010 - -10011000101?
10101000111
In base 6, what is -24 - -101034?
101010
In base 15, what is 0 + -4c90?
-4c90
In base 5, what is -244214 + -4?
-244223
In base 14, what is 23363 - -3?
23366
In base 10, what is 385 - 1353?
-968
In base 13, what is 2 + -12aa?
-12a8
In base 6, what is 241142 + 24?
241210
In base 2, what is 110010001111101100010 + 101?
110010001111101100111
In base 12, what is b - 61059?
-6104a
In base 15, what is 37 + -2e?
8
In base 8, what is -25476247 + 5?
-25476242
In base 9, what is -705 + -121?
-826
In base 11, what is -200 - -591?
391
In base 12, what is 12 - 3ba1?
-3b8b
In base 4, what is -11011202033 + -11?
-11011202110
In base 4, what is 12120120 + 1101?
12121221
In base 16, what is 3ed + -3cf?
1e
In base 9, what is -4772 - -108?
-4663
In base 4, what is -10 + 13222103?
13222033
In base 4, what is 21311 - -10000?
31311
In base 4, what is -3 - 100311121?
-100311130
In base 5, what is -12414104 + 0?
-12414104
In base 15, what is -1ab68a - 0?
-1ab68a
In base 12, what is -4847a + 9?
-48471
In base 2, what is -111 - 101000011110101111?
-101000011110110110
In base 16, what is f + 95ae?
95bd
In base 12, what is -37 - -3b5?
37a
In base 7, what is 0 - -35205?
35205
In base 13, what is 9 - -248?
254
In base 2, what is 1010101001000 - -1010?
1010101010010
In base 13, what is 1b - -5632?
5650
In base 8, what is 3 + -200?
-175
In base 11, what is -55390 + -5?
-55395
In base 5, what is -3 - 2031?
-2034
In base 4, what is -22 - -13222002?
13221320
In base 16, what is a0 + -1ab?
-10b
In base 5, what is -3130 - 33031?
-41211
In base 14, what is 588 - 5?
583
In base 4, what is -2213112101 + 0?
-2213112101
In base 6, what is -2405 - -213?
-2152
In base 16, what is 2893 + -7?
288c
In base 12, what is 280918 + 0?
280918
In base 11, what is 26942 + -91?
26861
In base 3, what is -201 + 11100100?
11022122
In base 13, what is -3b5 - -c18?
833
In base 11, what is 7 + -5224?
-5218
In base 8, what is 70 + -6626?
-6536
In bas